116189?
193, 119773
List the prime factors of 7081739.
7, 1011677
List the prime factors of 1020882.
2, 3, 229, 743
What are the prime factors of 2431659?
3, 810553
List the prime factors of 5299648.
2, 17, 4871
What are the prime factors of 1679167?
7, 97, 2473
List the prime factors of 791682.
2, 3, 131947
List the prime factors of 1236569.
197, 6277
What are the prime factors of 160457?
11, 29, 503
List the prime factors of 17055130.
2, 5, 59, 137, 211
What are the prime factors of 9578370?
2, 3, 5, 319279
List the prime factors of 697315.
5, 89, 1567
What are the prime factors of 588806?
2, 294403
What are the prime factors of 5010140?
2, 5, 397, 631
What are the prime factors of 616199?
17, 67, 541
List the prime factors of 29934.
2, 3, 1663
What are the prime factors of 677700?
2, 3, 5, 251
What are the prime factors of 362121?
3, 19, 6353
List the prime factors of 3436383.
3, 1145461
List the prime factors of 93453.
3, 31151
What are the prime factors of 985735?
5, 197147
List the prime factors of 86164.
2, 13, 1657
What are the prime factors of 1834802?
2, 23, 39887
What are the prime factors of 49098?
2, 3, 7, 167
List the prime factors of 2940832.
2, 29, 3169
List the prime factors of 186705.
3, 5, 461
What are the prime factors of 139908?
2, 3, 89, 131
What are the prime factors of 17810991?
3, 11, 179909
What are the prime factors of 1594885?
5, 37, 233
List the prime factors of 7008642.
2, 3, 389369
What are the prime factors of 19014547?
19014547
What are the prime factors of 154369?
154369
List the prime factors of 54758.
2, 11, 19, 131
What are the prime factors of 1688102?
2, 13, 64927
List the prime factors of 2768164.
2, 7, 109, 907
List the prime factors of 25355302.
2, 7, 41, 163, 271
What are the prime factors of 3012837?
3, 1004279
What are the prime factors of 3277147?
71, 101, 457
List the prime factors of 2353268.
2, 23, 25579
What are the prime factors of 24915881?
1693, 14717
What are the prime factors of 577171?
7, 11779
What are the prime factors of 7684100?
2, 5, 43, 1787
List the prime factors of 279732.
2, 3, 23311
List the prime factors of 304698.
2, 3, 43, 1181
List the prime factors of 315867.
3, 211, 499
List the prime factors of 269019.
3, 71, 421
List the prime factors of 218500.
2, 5, 19, 23
List the prime factors of 2744445.
3, 5, 11, 16633
List the prime factors of 26400288.
2, 3, 275003
What are the prime factors of 1035941?
311, 3331
What are the prime factors of 1783772?
2, 445943
List the prime factors of 793556.
2, 29, 6841
What are the prime factors of 4810711?
17, 43, 6581
What are the prime factors of 16925011?
571, 29641
What are the prime factors of 14933021?
17, 878413
What are the prime factors of 105620?
2, 5, 5281
What are the prime factors of 9069937?
167, 54311
List the prime factors of 4092016.
2, 29, 8819
List the prime factors of 3825310.
2, 5, 61, 6271
List the prime factors of 2552477.
2552477
List the prime factors of 3603399.
3, 919, 1307
List the prime factors of 5849537.
139, 42083
What are the prime factors of 5220158?
2, 1307, 1997
List the prime factors of 10130635.
5, 71, 28537
List the prime factors of 37559.
23, 71
What are the prime factors of 736601?
211, 3491
What are the prime factors of 1242339?
3, 7, 59159
What are the prime factors of 18342338?
2, 7, 43, 30469
What are the prime factors of 509990?
2, 5, 13, 3923
What are the prime factors of 3548999?
163, 21773
List the prime factors of 6073751.
67, 269, 337
What are the prime factors of 460111?
460111
What are the prime factors of 1030979?
29, 73, 487
List the prime factors of 874650.
2, 3, 5, 7, 17
List the prime factors of 394568.
2, 31, 37, 43
What are the prime factors of 67071?
3, 79, 283
List the prime factors of 692304.
2, 3, 14423
List the prime factors of 1403147.
1403147
What are the prime factors of 1607784?
2, 3, 31, 2161
List the prime factors of 182287.
7, 26041
List the prime factors of 1870853.
1870853
What are the prime factors of 2397084?
2, 3, 53, 3769
List the prime factors of 529586.
2, 264793
What are the prime factors of 622610?
2, 5, 23, 2707
What are the prime factors of 171953?
373, 461
What are the prime factors of 24341?
101, 241
What are the prime factors of 7304871?
3, 7, 31, 229
List the prime factors of 8430787.
8430787
What are the prime factors of 523344?
2, 3, 10903
List the prime factors of 6000111.
3, 13, 51283
List the prime factors of 143010.
2, 3, 5, 7, 227
What are the prime factors of 151387?
47, 3221
List the prime factors of 26848063.
11, 2440733
What are the prime factors of 97533?
3, 10837
What are the prime factors of 16692154?
2, 8346077
List the prime factors of 1689110.
2, 5, 53, 3187
What are the prime factors of 486160?
2, 5, 59, 103
List the prime factors of 17126412.
2, 3, 17, 37, 2269
What are the prime factors of 2823293?
11, 23333
List the prime factors of 1168242.
2, 3, 194707
What are the prime factors of 5921210?
2, 5, 592121
List the prime factors of 1897467.
3, 11, 13, 4423
List the prime factors of 181176.
2, 3, 7549
What are the prime factors of 40023?
3, 4447
List the prime factors of 5556726.
2, 3, 7, 44101
What are the prime factors of 186703?
11, 1543
List the prime factors of 246001.
7, 113, 311
List the prime factors of 129718.
2, 79, 821
List the prime factors of 376111.
457, 823
What are the prime factors of 302840?
2, 5, 67, 113
List the prime factors of 558917.
29, 19273
What are the prime factors of 785003?
785003
What are the prime factors of 172503?
3, 6389
List the prime factors of 9853395.
3, 5, 601, 1093
What are the prime factors of 622884?
2, 3, 51907
What are the prime factors of 18035293?
1307, 13799
List the prime factors of 149533.
149533
List the prime factors of 780888.
2, 3, 32537
What are the prime factors of 5698106?
2, 2849053
List the prime factors of 4437024.
2, 3, 46219
What are the prime factors of 838353?
3, 279451
What are the prime factors of 2815490?
2, 5, 281549
What are the prime factors of 5909370?
2, 3, 5, 17, 11587
What are the prime factors of 1313369?
17, 23, 3359
What are the prime factors of 216167?
7, 30881
What are the prime factors of 12164437?
61, 199417
What are the prime factors of 174280?
2, 5, 4357
What are the prime factors of 7871037?
3, 23, 114073
List the prime factors of 953415.
3, 5, 21187
List the prime factors of 1270917.
3, 103, 457
List the prime factors of 2261169.
3, 83, 1009
List the prime factors of 3187712.
2, 11, 283
List the prime factors of 2676189.
3, 149, 5987
List the prime factors of 515108.
2, 11, 23, 509
List the prime factors of 509173.
7, 72739
What are the prime factors of 1893824?
2, 127, 233
What are the prime factors of 976339?
7, 13, 10729
List the prime factors of 120730.
2, 5, 12073
List the prime factors of 8632256.
2, 29, 4651
List the prime factors of 194560.
2, 5, 19
List the prime factors of 2649672.
2, 3, 29, 47
What are the prime factors of 3858072?
2, 3, 160753
List the prime factors of 11899059.
3, 79, 50207
What are the prime factors of 3564708?
2, 3, 7, 42437
List the prime factors of 3013482.
2, 3, 502247
List the prime factors of 1548178.
2, 337, 2297
What are the prime factors of 4739874?
2, 3, 789979
List the prime factors of 3080761.
71, 43391
What are the prime factors of 18015923?
23, 61, 12841
List the prime factors of 2767970.
2, 5, 37, 7481
List the prime factors of 2415793.
19, 53, 2399
What are the prime factors of 336543?
3, 112181
List the prime factors of 394723.
7, 17, 31, 107
List the prime factors of 385059.
3, 37, 3469
List the prime factors of 1185016.
2, 7, 3023
List the prime factors of 260650.
2, 5, 13, 401
What are the prime factors of 5350262?
2, 2675131
List the prime factors of 766308.
2, 3, 19, 3361
What are the prime factors of 98507?
98507
What are the prime factors of 222637?
251, 887
What are the prime factors of 1509096?
2, 3, 227, 277
List the prime factors of 4142587.
239, 17333
What are the prime factors of 507705?
3, 5, 11, 17, 181
What are the prime factors of 4183178?
2, 71, 89, 331
What are the prime factors of 1182938?
2, 591469
What are the prime factors of 3143500?
2, 5, 6287
What are the prime factors of 8824?
2, 1103
List the prime factors of 41184.
2, 3, 11, 13
What are the prime factors of 6490746?
2, 3, 